2 + 17. Give n(0).
17
Let m(h) = 2*h**3 - 14*h**2 + 3*h + 3. Calculate m(6).
-51
Let r(t) = t**2 - 4*t - 1. What is r(4)?
-1
Let k(q) = -12*q**2 - 9*q - 1. Determine k(-2).
-31
Let u(y) = 3*y**3 + 58*y**2 + 20*y + 42. What is u(-19)?
23
Let k(u) = 8*u**2 + 2*u - 3. Calculate k(1).
7
Let b(f) = -f**2 - 13*f - 12. Give b(-14).
-26
Let h(g) = -g**3 + 15*g**2 - 12*g - 16. What is h(14)?
12
Let l(z) = z**2 - 9*z + 3. Determine l(9).
3
Let j(f) = -f**2 - 11*f - 21. Calculate j(-8).
3
Let x(o) = 2*o**3 + 36*o**2 + 31*o - 76. Determine x(-17).
-25
Let i(u) = -2*u - 42. What is i(-21)?
0
Let j(k) = 10*k + 7. Give j(-2).
-13
Let t(y) = y**2 + 4*y - 4. What is t(-6)?
8
Let a(w) = -w**3 - 3*w**2 + 2*w - 2. Calculate a(-5).
38
Let p(r) = 6*r - 5. Give p(4).
19
Let t(w) = w**2 + 14*w - 320. What is t(-26)?
-8
Let p(t) = -t**3 - 7*t**2 - 3*t + 6. Determine p(-5).
-29
Let g(s) = -s**2 - 8*s + 1. Give g(-8).
1
Let b(f) = -2*f**2 - 79*f - 227. What is b(-3)?
-8
Let u(f) = 7*f**3 - 2*f**2 - 2*f - 1. Give u(-1).
-8
Let r(y) = -y + 14. Calculate r(8).
6
Let n(u) = -11*u**3 + u**2 - 2*u - 2. Give n(-1).
12
Let l(t) = -t**2 - t - 8. Determine l(0).
-8
Let q(a) = -a - 21. Determine q(7).
-28
Let c(w) = -2*w**2 + 2*w. Calculate c(2).
-4
Let q(y) = -85*y + 84. What is q(1)?
-1
Let z(u) = u**2 - 5*u + 2. Give z(3).
-4
Let c(x) = -x**3 + x**2 + 12*x + 118. Calculate c(0).
118
Let s(m) = m**2 - 5*m + 7. Calculate s(5).
7
Let t(m) = 27*m. Give t(-2).
-54
Let g(l) = -2*l**2 + 16*l - 31. Determine g(6).
-7
Let v(k) = -k**2 - 14*k - 16. Determine v(-13).
-3
Let u(s) = -s**2 - 73*s + 225. Calculate u(3).
-3
Let o(q) = 5*q**3 + 2*q**2 + q. Give o(-2).
-34
Let a(l) = l**3 - 25*l**2 + 44*l + 39. Give a(23).
-7
Let a(l) = -8*l - 6. What is a(-1)?
2
Let v(m) = -6*m - 34. Determine v(-4).
-10
Let c(g) = -g**3 + 8*g**2 - 9*g + 8. Give c(7).
-6
Let k(g) = 2*g**2 - 9*g + 14. Give k(4).
10
Let v(r) = -2*r**2 - 3*r + 5. Give v(0).
5
Let t(s) = 2*s**2 + 5*s + 2. What is t(-4)?
14
Let v(x) = -x**3 - 26*x**2 + 22*x - 142. What is v(-27)?
-7
Let u(z) = -z**3 + 17*z**2 - 18*z + 57. What is u(16)?
25
Let d(j) = j**2 - 5*j - 20. Determine d(-4).
16
Let c(g) = -10*g - 208. Give c(-21).
2
Let o(q) = -q**2 + 13*q - 2. What is o(13)?
-2
Let t(i) = i - 9. Calculate t(7).
-2
Let l(x) = -x**3 - 7*x**2 + 13*x + 106. Calculate l(-5).
-9
Let u(r) = 4*r**2 + 6*r. Calculate u(-3).
18
Let y(k) = 13*k - 80. Calculate y(6).
-2
Let q(m) = 3*m**2 - m + 56. Determine q(0).
56
Let g(k) = k**3 + 5*k**2 + 2*k - 2. Determine g(-4).
6
Let l(d) = -d**3 + 5*d**2 - 3*d + 3. Give l(4).
7
Let g(j) = -j**3 + 4*j + 1. What is g(-3)?
16
Let s(x) = 6*x**2 + 3*x + 2. Give s(-2).
20
Let h(x) = 34*x + 3. Calculate h(-1).
-31
Let y(g) = 4*g - 4. Give y(-7).
-32
Let k(o) = 10*o - 12. Calculate k(1).
-2
Let k(d) = -3*d - 11. Calculate k(-5).
4
Let m(v) = -11*v + 9. Give m(4).
-35
Let y(k) = -k**3 + 10*k**2 - 25*k + 401. Give y(11).
5
Let g(i) = -7*i - 64. Give g(-12).
20
Let f(w) = -w**2 + 4*w + 4. Determine f(-2).
-8
Let c(t) = 37*t**2 + 2*t + 1. Determine c(-1).
36
Let h(u) = -u - 6. Calculate h(-12).
6
Let i(k) = 3*k**2 + 5*k - 4. Calculate i(-6).
74
Let z(c) = -c - 44. Determine z(-32).
-12
Let q(f) = -4*f**3 - f**2 - 2*f - 1. Determine q(-1).
4
Let t(i) = 14*i - 39. What is t(3)?
3
Let n(g) = -g**3 - 4*g**2 + 19*g - 5. Calculate n(-7).
9
Let w(f) = -f**2 - 2*f + 2. Calculate w(-3).
-1
Let i(c) = 6*c**2 + 2*c - 3. Determine i(1).
5
Let l(c) = -c**2 - 2*c - 1. What is l(-2)?
-1
Let i(q) = q**2 + 7*q + 4. What is i(-4)?
-8
Let c(q) = 2*q**2. Determine c(-1).
2
Let g(x) = -4*x + 10. What is g(-8)?
42
Let v(f) = 7*f - 28. Determine v(11).
49
Let x(f) = -f**3 - 7*f**2 - 2*f - 14. Determine x(-7).
0
Let y(r) = r**3 - 5*r**2 + 4*r - 4. Determine y(4).
-4
Let l(g) = -2*g**3 - 27*g**2 - 22*g - 18. Determine l(-13).
99
Let w(c) = c**2 + 6*c - 5. What is w(-5)?
-10
Let t(c) = -8*c + 173. Give t(24).
-19
Let x(p) = -p**3 - 2*p**2 + 9*p - 9. Determine x(-5).
21
Let p(f) = f**3 - 2*f**2 - 2*f - 1. Give p(-2).
-13
Let g(c) = -2*c**3 + 2*c**2 - 2*c - 3. Determine g(-2).
25
Let m(w) = w**3 - w**2 + w + 2. Calculate m(0).
2
Let j(n) = -58*n**3 + n**2 + n. Determine j(-1).
58
Let m(d) = -2*d**3 - 21*d**2 - 7*d + 27. What is m(-10)?
-3
Let p(z) = z**3 + 9*z**2 + 5*z + 19. Calculate p(-8).
43
Let k(n) = n**3 + 3*n**2 + 3*n + 1. Give k(-5).
-64
Let u(c) = 2*c**3 - 16*c**2 - 39*c - 6. What is u(10)?
4
Let s(o) = o**3 + 9*o**2 + 9*o - 4. What is s(-8)?
-12
Let w(b) = b**2 - 11*b + 9. Give w(8).
-15
Let r(o) = o**2 + 21*o + 100. Determine r(-9).
-8
Let i(f) = f**2 + 7*f + 6. Determine i(0).
6
Let q(h) = -h**3 + 23*h**2 - h + 26. What is q(23)?
3
Let p(y) = -12*y - 577. What is p(-48)?
-1
Let o(h) = 2*h**3 - 8*h**2 + 8. Determine o(4).
8
Let g(l) = -l - 31. Give g(9).
-40
Let w(c) = -2*c + 62. What is w(36)?
-10
Let x(l) = -l + 27. Calculate x(-22).
49
Let q(f) = -f**2 + 21*f + 9. Calculate q(21).
9
Let r(z) = -2*z**2 + 4*z + 127. Give r(0).
127
Let l(g) = -3*g**2 + g + 2. Give l(2).
-8
Let r(t) = 8*t**2 - t + 2. Calculate r(-2).
36
Let a(m) = 7*m**3 - 3*m**2 - 2*m + 4. Calculate a(1).
6
Let w(l) = 5*l**2 - 25*l - 17. Determine w(6).
13
Let s(g) = -5*g + 8. Determine s(0).
8
Let p(n) = 2*n - 58. Determine p(13).
-32
Let h(x) = 7*x - 1. What is h(-2)?
-15
Let w(i) = -i**3 - 8*i**2 + 8*i - 9. What is w(-8)?
-73
Let i(f) = f**2 + 3*f - 14. Give i(-7).
14
Let r(d) = d**3 + 9*d**2 + 5*d + 8. Calculate r(-8).
32
Let o(c) = -c**2 + 12*c + 15. Determine o(12).
15
Let g(w) = w**3 + w**2 - 2*w + 3. Calculate g(-3).
-9
Let y(n) = -n**3 + 35*n**2 - 67*n + 37. Give y(33).
4
Let l(x) = -2*x**2 - 27*x - 27. Determine l(-12).
9
Let y(b) = 15*b + 15. Calculate y(-5).
-60
Let k(t) = 3*t**3 - 4*t**2 - t + 4. What is k(-2)?
-34
Let n(q) = -40*q - 27. What is n(3)?
-147
Let b(q) = 2*q**3 - q**2 - 4*q - 3. Give b(-2).
-15
Let u(a) = -9*a**3 - 2*a + 3. Give u(2).
-73
Let b(q) = q**3 - 12*q**2 - 30*q + 22. Determine b(14).
-6
Let s(c) = -4*c**2 + 61*c - 3. Calculate s(15).
12
Let a(j) = -5*j + 16. Calculate a(7).
-19
Let u(z) = z**3 + 28*z**2 + 75*z - 3. Determine u(-25).
-3
Let q(w) = -2*w. Determine q(-7).
14
Let o(d) = -d**2 - 3*d + 13. What is o(-7)?
-15
Let d(s) = s**2 + 16*s - 11. What is d(-16)?
-11
Let z(g) = g + 7. Give z(-3).
4
Let j(t) = -33*t + 24. Calculate j(7).
-207
Let t(y) = 109*y + 328. Give t(-3).
1
Let w(a) = 4*a**2 + 25*a + 24. Calculate w(-1).
3
Let n(i) = i**2 - 36*i + 312. Determine n(16).
-8
Let l(f) = 2*f**2 - 9. Give l(4).
23
Let i(o) = -3*o + 38. Determine i(21).
-25
Let p(m) = m**2 + 3*m - 10. What is p(-5)?
0
Let t(g) = 10*g**3 - 2*g**2 - 2*g + 1. Calculate t(2).
69
Let i(s) = s**2 + 2*s + 1. Calculate i(2).
9
Let h(m) = m**2 + 10*m + 12. Give h(-6).
-12
Let l(w) = 8*w + 6. Determine l(-3).
-18
Let m(h) = -3*h + 18. Give m(-15).
63
Let q(d) = -d**2 + 10*d. Give q(9).
9
Let o(i) = -i**3 + 17*i**2 - 2*i + 33. Give o(17).
-1
Let n(p) = 4*p + 150. What is n(-27)?
42
Let t(a) = 2*a**2 - 9*a - 7. Determine t(6).
11
Let b(n) = -n**2 - 6*n - 7. Determine b(-2).
1
Let r(s) = 4*s**2 - 4*s - 15. Determine r(6).
105
Let o(d) = d**3 + 5*d**2 - 15*d + 1. Calculate o(-7).
8
Let z(d) = -d - 19. What is z(-15)?
-4
Let n(c) = -c**2 + c - 3. Calculate n(6).
-33
Let n(v) = 5*v - 6. Determine n(2).
4
Let r(d) = -d**2 - 5*d + 69. What is r(6)?
3
Let w(u) = u**3 + 9*u**2 - u - 26. What is w(-9)?
-17
Let m(t) = 2*t + 21. What is m(4)?
29
Let n(b) = -5*b + 168. Determine n(39).
-27
Let g(m) = 7*m + 5. Determine g(-8).
-51
Let c(a) = 19*a + 2. Give c(1).
21
Let f(b) = -6*b + 23. What is f(4)?
-1
Let b(d) = -d**3 + 5*d**2 - 5*d - 4. Determine b(4).
-8
Let i(q) = -110*q - 4. Determine i(-1).
106
Let n(j) = -2*j + 2. Determine n(-1).
4
Let m(l) = l**2 - 10*l + 3. Determine m(6).
-21
Let x(m) = -3*m**2 + 4*m - 1. Determine x(4).
-33
Let l(f) = f**3 - 12*f**2 - 2*f + 14. Calculate l(12).
-10
Let z(w) = -w**2 + 16*w - 30. What is z(14)?
-2
Let d(f) = -25*f**3 - 2*f + 1. What is d(1)?
-26
Let t(y) = y + 7. What is t(-4)?
3
Let g(p) = -24*p**2 - p. Calculate g(-1).
-23
Let j(a) = a**3 - 18*a**2 + 5. Determine j(18).
5
Let m(y) = 4*y - 17. What is m(0)?
-17
Let j(b) = b**3 - 39*b**2 - 4*b + 49. Give j(39).
-107
Let n(g) = g**3 + 8*g**2 + 17*g + 30. Determine n(-6).
0
Let b(m) 